153?
150
What is the remainder when 551 is divided by 92?
91
What is the remainder when 302 is divided by 81?
59
What is the remainder when 49404 is divided by 14?
12
What is the remainder when 95 is divided by 76?
19
What is the remainder when 202 is divided by 14?
6
Calculate the remainder when 292 is divided by 94.
10
Calculate the remainder when 7916 is divided by 120.
116
Calculate the remainder when 146 is divided by 53.
40
What is the remainder when 446 is divided by 64?
62
What is the remainder when 485 is divided by 61?
58
Calculate the remainder when 3324 is divided by 13.
9
Calculate the remainder when 6757 is divided by 16.
5
Calculate the remainder when 8722 is divided by 13.
12
What is the remainder when 51 is divided by 31?
20
Calculate the remainder when 98 is divided by 20.
18
Calculate the remainder when 16460 is divided by 163.
160
Calculate the remainder when 374 is divided by 63.
59
What is the remainder when 560 is divided by 20?
0
Calculate the remainder when 6404 is divided by 72.
68
What is the remainder when 51 is divided by 26?
25
What is the remainder when 26 is divided by 17?
9
Calculate the remainder when 519 is divided by 40.
39
What is the remainder when 438 is divided by 24?
6
What is the remainder when 3029 is divided by 10?
9
Calculate the remainder when 35 is divided by 34.
1
Calculate the remainder when 384 is divided by 208.
176
What is the remainder when 786 is divided by 271?
244
Calculate the remainder when 2429 is divided by 90.
89
What is the remainder when 9042 is divided by 68?
66
Calculate the remainder when 1592 is divided by 789.
14
What is the remainder when 3099 is divided by 111?
102
What is the remainder when 1811 is divided by 259?
257
Calculate the remainder when 13860 is divided by 29.
27
Calculate the remainder when 61 is divided by 12.
1
What is the remainder when 297 is divided by 25?
22
Calculate the remainder when 226 is divided by 70.
16
What is the remainder when 805 is divided by 70?
35
What is the remainder when 152 is divided by 18?
8
What is the remainder when 5093 is divided by 5?
3
What is the remainder when 481 is divided by 40?
1
Calculate the remainder when 1593 is divided by 21.
18
Calculate the remainder when 984 is divided by 110.
104
What is the remainder when 128 is divided by 64?
0
What is the remainder when 217 is divided by 100?
17
Calculate the remainder when 28347 is divided by 350.
347
Calculate the remainder when 5488 is divided by 61.
59
What is the remainder when 106 is divided by 31?
13
What is the remainder when 234 is divided by 47?
46
Calculate the remainder when 478 is divided by 159.
1
Calculate the remainder when 3302 is divided by 14.
12
Calculate the remainder when 4851 is divided by 81.
72
Calculate the remainder when 312 is divided by 7.
4
Calculate the remainder when 63 is divided by 16.
15
Calculate the remainder when 21 is divided by 9.
3
Calculate the remainder when 32 is divided by 15.
2
What is the remainder when 364 is divided by 121?
1
What is the remainder when 93 is divided by 51?
42
Calculate the remainder when 578 is divided by 200.
178
What is the remainder when 21 is divided by 21?
0
What is the remainder when 257 is divided by 92?
73
What is the remainder when 4 is divided by 4?
0
Calculate the remainder when 6407 is divided by 2133.
8
Calculate the remainder when 1033 is divided by 13.
6
What is the remainder when 324 is divided by 84?
72
What is the remainder when 25 is divided by 17?
8
Calculate the remainder when 761 is divided by 77.
68
What is the remainder when 5100 is divided by 21?
18
What is the remainder when 2457 is divided by 20?
17
What is the remainder when 4102 is divided by 216?
214
What is the remainder when 320 is divided by 82?
74
Calculate the remainder when 345 is divided by 22.
15
What is the remainder when 622 is divided by 254?
114
Calculate the remainder when 84 is divided by 12.
0
What is the remainder when 444 is divided by 27?
12
Calculate the remainder when 144 is divided by 29.
28
What is the remainder when 10 is divided by 9?
1
Calculate the remainder when 182 is divided by 4.
2
Calculate the remainder when 248 is divided by 79.
11
Calculate the remainder when 111 is divided by 5.
1
What is the remainder when 13857 is divided by 210?
207
Calculate the remainder when 860 is divided by 54.
50
Calculate the remainder when 237 is divided by 12.
9
Calculate the remainder when 102 is divided by 61.
41
What is the remainder when 1075 is divided by 1071?
4
What is the remainder when 6994 is divided by 159?
157
Calculate the remainder when 21 is divided by 15.
6
What is the remainder when 361 is divided by 28?
25
Calculate the remainder when 86 is divided by 39.
8
Calculate the remainder when 2583 is divided by 25.
8
What is the remainder when 9470 is divided by 92?
86
What is the remainder when 2075 is divided by 687?
14
What is the remainder when 62 is divided by 9?
8
Calculate the remainder when 107 is divided by 11.
8
Calculate the remainder when 109 is divided by 39.
31
What is the remainder when 106 is divided by 34?
4
What is the remainder when 148 is divided by 23?
10
Calculate the remainder when 458 is divided by 455.
3
Calculate the remainder when 180 is divided by 43.
8
Calculate the remainder when 953 is divided by 87.
83
Calculate the remainder when 326 is divided by 6.
2
What is the remainder when 2263 is divided by 126?
121
What is the remainder when 460 is divided by 68?
52
What is the remainder when 73 is divided by 33?
7
Calculate the remainder when 1789 is divided by 210.
109
What is the remainder when 335 is divided by 42?
41
What is the remainder when 118 is divided by 32?
22
What is the remainder when 260 is divided by 10?
0
Calculate the remainder when 151 is divided by 26.
21
What is the remainder when 75 is divided by 21?
12
Calculate the remainder when 3348 is divided by 334.
8
What is the remainder when 147 is divided by 50?
47
Calculate the remainder when 194 is divided by 5.
4
What is the remainder when 7721 is divided by 117?
116
What is the remainder when 374 is divided by 54?
50
What is the remainder when 4729 is divided by 18?
13
Calculate the remainder when 1195 is divided by 9.
7
Calculate the remainder when 1292 is divided by 159.
20
Calculate the remainder when 310 is divided by 14.
2
Calculate the remainder when 461 is divided by 211.
39
What is the remainder when 1671 is divided by 333?
6
What is the remainder when 5247 is divided by 28?
11
Calculate the remainder when 613 is divided by 56.
53
What is the remainder when 87 is divided by 85?
2
Calculate the remainder when 695 is divided by 1.
0
What is the remainder when 425 is divided by 217?
208
Calculate the remainder when 229 is divided by 36.
13
Calculate the remainder when 222 is divided by 51.
18
What is the remainder when 164 is divided by 11?
10
What is the remainder when 2940 is divided by 109?
106
Calculate the remainder when 6611 is divided by 21.
17
Calculate the remainder when 69 is divided by 48.
21
Calculate the remainder when 954 is divided by 11.
8
Calculate the remainder when 85 is divided by 31.
23
Calculate the remainder when 246 is divided by 28.
22
Calculate the remainder when 102 is divided by 12.
6
Calculate the remainder when 258 is divided by 13.
11
What is the remainder when 1171 is divided by 68?
15
Calculate the remainder when 6340 is divided by 181.
5
What is the remainder when 1111 is divided by 140?
131
What is the remainder when 140 is divided by 27?
5
What is the remainder when 140 is divided by 15?
5
What is the remainder when 1288 is divided by 410?
58
What is the remainder when 50 is divided by 28?
22
Calculate the remainder when 141 is divided by 19.
8
What is the remainder when 7643 is divided by 3819?
5
What is the remainder when 115 is divided by 64?
51
What is the remainder when 534 is divided by 8?
6
What is the remainder when 1328 is divided by 9?
5
Calculate the remainder when 866 is divided by 204.
50
Calculate the remainder when 672 is divided by 635.
37
What is the remainder when 320 is divided by 186?
134
What is the remainder when 1335 is divided by 448?
439
Calculate the remainder when 56 is divided by 21.
14
What is the remainder when 8910 is divided by 16?
14
What is